{"id":615,"date":"2024-10-27T14:06:49","date_gmt":"2024-10-27T14:06:49","guid":{"rendered":"https:\/\/www.agilethinks.com\/?page_id=615"},"modified":"2024-10-27T17:40:03","modified_gmt":"2024-10-27T17:40:03","slug":"scrum-foundation","status":"publish","type":"page","link":"https:\/\/www.agilethinks.com\/index.php\/scrum-foundation\/","title":{"rendered":"SCRUM FOUNDATION"},"content":{"rendered":"\n<div class=\"wp-block-media-text is-stacked-on-mobile has-white-color has-text-color has-link-color wp-elements-9926d2e7b31d1728483592dce636ac4f\"><figure class=\"wp-block-media-text__media\"><img loading=\"lazy\" decoding=\"async\" width=\"470\" height=\"650\" src=\"http:\/\/www.agilethinks.com\/wp-content\/uploads\/2018\/02\/story-free-img.jpg\" alt=\"Steven Photo\" class=\"wp-image-100 size-full\" srcset=\"https:\/\/www.agilethinks.com\/wp-content\/uploads\/2018\/02\/story-free-img.jpg 470w, https:\/\/www.agilethinks.com\/wp-content\/uploads\/2018\/02\/story-free-img-217x300.jpg 217w\" sizes=\"(max-width: 470px) 100vw, 470px\" \/><\/figure><div class=\"wp-block-media-text__content\">\n<p><strong>OBJETIVO DEL CURSO<\/strong><\/p>\n\n\n\n<p>1.Entender el marco Scrum basado en el Scrum Guide\u2122.<br>2.Comprender las responsabilidades de cada rol.<br>3.Prepararse para participar en un equipo Scrum de en una organizaci\u00f3n que usa Scrum.<br>4.Entender los t\u00e9rminos y definiciones claves para pasar con \u00e9xito el examen de Scrum foundation.<br>5.Alcanzar el reconocimiento con la Certificaci\u00f3n Profesional de CertiProf\u00ae<\/p>\n\n\n\n<p><strong>\u00bfQui\u00e9n debe atender esta certificaci\u00f3n?<\/strong><\/p>\n\n\n\n<p>Cualquier persona que est\u00e9 interesada en ampliar sus conocimientos en el marco Scrum.<br>IT Leadership (Managers\/Directors\/VPs\/CIOs\/CTOs)<br>Project Managers<br>Product Owners<br>Aspiring Scrum Masters<br>Team Leaders<\/p>\n\n\n\n<hr class=\"wp-block-separator has-alpha-channel-opacity\"\/>\n<\/div><\/div>\n\n\n\n<p class=\"has-text-align-left\"><\/p>\n\n\n\n<figure class=\"wp-block-pullquote has-white-color has-text-color has-link-color wp-elements-e027ee09699cf8e669f2757584335727\"><blockquote><p>\u201cLa inteligencia consiste no solo en el conocimiento, sino tambi\u00e9n en la destreza de aplicar los conocimientos en la pr\u00e1ctica\u201d Arist\u00f3teles<\/p><\/blockquote><\/figure>\n\n\n\n<p><strong>PROGRAMA DEL CURSO<\/strong><\/p>\n\n\n\n<p>A continuaci\u00f3n, se presentan los temas que se abordar\u00e1n en el curso.<\/p>\n\n\n\n<p>Introducci\u00f3n a la Agilidad: Este m\u00f3dulo tiene como prop\u00f3sito ofrecer una visi\u00f3n general sobre la agilidad, estudiando sus valores y principios.<\/p>\n\n\n\n<p>\u00bfQu\u00e9 es Scrum?: En esta secci\u00f3n, se explorar\u00e1 el significado de Scrum, su definici\u00f3n y teor\u00eda.<\/p>\n\n\n\n<p>Valores de Scrum: Se definir\u00e1n y explicar\u00e1n los valores de Scrum y su aplicaci\u00f3n pr\u00e1ctica.<\/p>\n\n\n\n<p>Scrum Team: Se definir\u00e1 y explicar\u00e1 cada rol y las responsabilidades asociadas dentro del equipo Scrum.<\/p>\n\n\n\n<p>Eventos de Scrum: Se detallar\u00e1 cada ceremonia que forma parte de un sprint.<\/p>\n\n\n\n<p>Artefactos de Scrum: Se describir\u00e1n los tres artefactos de Scrum: el Product Backlog, el Sprint Backlog y el Incremento.<\/p>\n\n\n\n<p>Preparaci\u00f3n para el Examen: Se ofrecer\u00e1n ex\u00e1menes de simulaci\u00f3n para que los estudiantes validen y refuercen los conocimientos adquiridos.<\/p>\n\n\n\n<p><strong>HORARIO DE CLASE<\/strong><br>Martes de 6 PM a 8 PM, pero estamos abiertos a otros tipos de horarios.<\/p>\n\n\n\n<p><strong>SOBRE EL PROFESOR<\/strong><br>Daniel Chavez cuenta con m\u00e1s de 25 a\u00f1os de experiencia en la industria de tecnolog\u00eda de la informaci\u00f3n, se ha desrrollado como programador y analista de sistemas en donde ha trabajado en el area de telecomunicaciones, seguro m\u00e9dico entre otros. En los ultimos a\u00f1os est\u00e1 trabajando como Scrum Master en un plan m\u00e9dico de Puerto Rico, cuenta con la experiencia y el conocimiento en los m\u00e9todos de SCRUM y Kanban adem\u00e1s de poseer las siguientes certificaciones: Kanban Essentials Professional Certificate, Agile thinking leaderAgile thinking leader, Agile Coach Professional Certificate (ACPC), PROFESSIONAL AGILE COACH, Scrum Master Expert, Psicolog\u00eda de la Agilidad, DevOps certified expert, Gesti\u00f3n \u00e1gil de productos digitales,Scrum foundation Prefessional, Scrum Master Certified (ESMC), Scrum fundantions, Product Owner (CSPO), SAFe for Teams Course (4.5), PMI Agile Certified Practitioner (PMI-ACP), Professional Scrum Master I.<\/p>\n","protected":false},"excerpt":{"rendered":"<p>\u201cLa inteligencia consiste no solo en el conocimiento, sino tambi\u00e9n en la destreza de aplicar los conocimientos en la pr\u00e1ctica\u201d Arist\u00f3teles PROGRAMA DEL CURSO A continuaci\u00f3n, se presentan los temas que se abordar\u00e1n en el curso. Introducci\u00f3n a la Agilidad: Este m\u00f3dulo tiene como prop\u00f3sito ofrecer una visi\u00f3n general sobre la agilidad, estudiando sus valores<\/p>\n","protected":false},"author":1,"featured_media":0,"parent":0,"menu_order":0,"comment_status":"closed","ping_status":"closed","template":"","meta":{"footnotes":""},"class_list":["post-615","page","type-page","status-publish","hentry"],"_links":{"self":[{"href":"https:\/\/www.agilethinks.com\/index.php\/wp-json\/wp\/v2\/pages\/615"}],"collection":[{"href":"https:\/\/www.agilethinks.com\/index.php\/wp-json\/wp\/v2\/pages"}],"about":[{"href":"https:\/\/www.agilethinks.com\/index.php\/wp-json\/wp\/v2\/types\/page"}],"author":[{"embeddable":true,"href":"https:\/\/www.agilethinks.com\/index.php\/wp-json\/wp\/v2\/users\/1"}],"replies":[{"embeddable":true,"href":"https:\/\/www.agilethinks.com\/index.php\/wp-json\/wp\/v2\/comments?post=615"}],"version-history":[{"count":39,"href":"https:\/\/www.agilethinks.com\/index.php\/wp-json\/wp\/v2\/pages\/615\/revisions"}],"predecessor-version":[{"id":735,"href":"https:\/\/www.agilethinks.com\/index.php\/wp-json\/wp\/v2\/pages\/615\/revisions\/735"}],"wp:attachment":[{"href":"https:\/\/www.agilethinks.com\/index.php\/wp-json\/wp\/v2\/media?parent=615"}],"curies":[{"name":"wp","href":"https:\/\/api.w.org\/{rel}","templated":true}]}}