{"id":20,"date":"2018-02-12T14:47:11","date_gmt":"2018-02-12T14:47:11","guid":{"rendered":"http:\/\/agilethinks.com\/index.php\/about\/"},"modified":"2023-02-06T04:12:50","modified_gmt":"2023-02-06T04:12:50","slug":"about","status":"publish","type":"page","link":"https:\/\/www.agilethinks.com\/index.php\/about\/","title":{"rendered":"Sobre Nosotros"},"content":{"rendered":"\n<p class=\"has-medium-font-size\"><strong>Misi\u00f3n:<\/strong> Como empresa tenemos la misi\u00f3n de educar a nuestros alumnos con la m\u00e1s alta calidad y responsabilidad en las practicas agiles y acompa\u00f1ar a las organizaciones en sus transformaciones organizacionales hacia una empresa m\u00e1s adaptativa que requiere un negocio moderno.<\/p>\n\n\n\n<p class=\"has-medium-font-size\"><strong>Visi\u00f3n:<\/strong> &nbsp;Ser una empresa altamente competitiva brindando una educaci\u00f3n de excelencia que pueda satisfacer las necesidades de nuestros alumnos como tambi\u00e9n el apoyo a nivel de organizacional para acompa\u00f1ar a las empresas como socio de negocio en su transici\u00f3n hacia una transformaci\u00f3n de una cultura \u00e1gil.<\/p>\n\n\n\n<pre class=\"wp-block-preformatted\">\n\n<\/pre>\n\n\n\n<h1 class=\"wp-block-heading\">Nuestro Equipo<\/h1>\n\n\n\n<p class=\"has-medium-font-size\">Contamos con una serie de profesionales especializados en distintas disciplinas de agilidad, &nbsp;los cuales cuentas con una experiencia en el campo que permitir\u00e1 tener una visi\u00f3n de la realidad a la hora que los alumnos opten por nuestros cursos.<\/p>\n\n\n\n<p class=\"has-medium-font-size\">Todos estos profesores y coaches estas a cargo de nuestro director de programa quien tiene la responsabilidad de brindar un programa adecuado a nuestros alumnos y o empresas.<\/p>\n\n\n\n<pre class=\"wp-block-preformatted\">\n<\/pre>\n\n\n\n<h2 class=\"has-normal-font-size wp-block-heading\">Nuestro director de programas de Agile Thinks<\/h2>\n\n\n\n<div class=\"wp-block-image is-style-rounded\"><figure class=\"aligncenter size-large is-resized\"><img loading=\"lazy\" decoding=\"async\" src=\"http:\/\/agilethinks.com\/wp-content\/uploads\/2023\/02\/DC.png\" alt=\"\" class=\"wp-image-566\" width=\"200\" height=\"200\" srcset=\"https:\/\/www.agilethinks.com\/wp-content\/uploads\/2023\/02\/DC.png 200w, https:\/\/www.agilethinks.com\/wp-content\/uploads\/2023\/02\/DC-150x150.png 150w\" sizes=\"(max-width: 200px) 100vw, 200px\" \/><figcaption>Agile Coach &#8211; Scrum Master<br>Daniel Chavez<br><\/figcaption><\/figure><\/div>\n\n\n\n<p class=\"has-text-align-left has-medium-font-size\">Como profesional tiene sus objetivos orientados a resultados con s\u00f3lida experiencia en sistemas de informaci\u00f3n y programaci\u00f3n de computadoras. Experiencia en an\u00e1lisis, desarrollo e implementaci\u00f3n de proyectos. Altamente organizado con la capacidad de gestionar y cumplir con los plazos de los proyectos.&nbsp; Excelente habilidad de comunicaci\u00f3n y habilidad para trabajar en equipo orientada al servicio del cliente y del equipo. Desde hace 4 a\u00f1os realiza el rol de Scrum Master en una empresa de planes m\u00e9dicos, asistiendo en la transformaci\u00f3n \u00e1gil de la empresa y colaborando en varios foros, posee varias certificaciones:<\/p>\n\n\n\n<ul class=\"wp-block-list\"><li>Kanban Essentials Professional Certificate &#8211; (KEPC) 2022<\/li><li>Agile Thinking Leadership Master in Agile Management 2022<\/li><li>Agile Coach Professional Certificate (ACPC) &nbsp;Certjoin 2022<\/li><li>Psico\u00c1gil: Psicolog\u00eda de la Agilidad \u2013 &nbsp;UTN Buenos Aires 2021&nbsp;<\/li><li>DevOps: Certjoin Agile Alliance \u2013 2021<\/li><li>Scrum Foundations: Certjoin Agile Alliance &#8211; 2020<\/li><li>Scrum Master: Certjoin Agile Alliance \u2013 2020<\/li><li>Gesti\u00f3n de productos digitales \u2013 2020&nbsp;<\/li><li>CSPO \u2013 Scrum Alliance \u2013 2019<\/li><li>SAFe para Lean Enterprises \u2013 Curso en la \u201cEscuela de ingeniera de Puerto Rico\u201d &#8211; 2018<\/li><li>Agilidad y Lean. Managing projects and businesses del s. XXI \u2013 Universidad Rey Juan Carlos Espa\u00f1a Online. 2016<\/li><li>Courso de PMI Agile Certified Practitioner &#8211; 2016<\/li><li>Scrum Master Certified: scrum.org &#8211; 2015<\/li><li>ALM Certified: Application life manager &#8211; 2015<\/li><li>GLC: Course of Scrum &nbsp;&#8211; 2014<\/li><\/ul>\n\n\n\n<p><\/p>\n","protected":false},"excerpt":{"rendered":"<p>Misi\u00f3n: Como empresa tenemos la misi\u00f3n de educar a nuestros alumnos con la m\u00e1s alta calidad y responsabilidad en las practicas agiles y acompa\u00f1ar a las organizaciones en sus transformaciones organizacionales hacia una empresa m\u00e1s adaptativa que requiere un negocio moderno. Visi\u00f3n: &nbsp;Ser una empresa altamente competitiva brindando una educaci\u00f3n de excelencia que pueda satisfacer<\/p>\n","protected":false},"author":0,"featured_media":0,"parent":0,"menu_order":0,"comment_status":"closed","ping_status":"closed","template":"","meta":{"footnotes":""},"class_list":["post-20","page","type-page","status-publish","hentry"],"_links":{"self":[{"href":"https:\/\/www.agilethinks.com\/index.php\/wp-json\/wp\/v2\/pages\/20"}],"collection":[{"href":"https:\/\/www.agilethinks.com\/index.php\/wp-json\/wp\/v2\/pages"}],"about":[{"href":"https:\/\/www.agilethinks.com\/index.php\/wp-json\/wp\/v2\/types\/page"}],"replies":[{"embeddable":true,"href":"https:\/\/www.agilethinks.com\/index.php\/wp-json\/wp\/v2\/comments?post=20"}],"version-history":[{"count":26,"href":"https:\/\/www.agilethinks.com\/index.php\/wp-json\/wp\/v2\/pages\/20\/revisions"}],"predecessor-version":[{"id":602,"href":"https:\/\/www.agilethinks.com\/index.php\/wp-json\/wp\/v2\/pages\/20\/revisions\/602"}],"wp:attachment":[{"href":"https:\/\/www.agilethinks.com\/index.php\/wp-json\/wp\/v2\/media?parent=20"}],"curies":[{"name":"wp","href":"https:\/\/api.w.org\/{rel}","templated":true}]}}